i - 177. What is the highest common factor of 11450 and i?
50
Suppose -2*a = 4*p - 5*a - 491, 3*a = -2*p + 223. Suppose 11 + 1 = 6*x. Suppose 2*b = -b + 12, -x*l + 18 = -4*b. What is the greatest common factor of l and p?
17
Suppose 2*f - f = 244. Let w(r) = -r**3 + 13*r**2 - 12*r - 119. Let i be w(-3). What is the greatest common factor of f and i?
61
Let o(s) = -2*s**2 - 6*s - 16. Let b(j) = -2*j**2 - 5*j - 18. Let p(h) = -3*b(h) + 2*o(h). Let l be p(-4). Calculate the highest common factor of l and 105.
21
Suppose 4*p - 3451 = 5*a, -9*a = 5*p - 10*a - 4319. What is the highest common divisor of 720 and p?
144
Suppose -8*v + 7100 = 5*v + 4305. What is the greatest common factor of 85 and v?
5
Suppose -74*y - 354 = -3*a - 78*y, 5*a - 494 = 4*y. What is the greatest common factor of 318 and a?
106
Let x(q) = 126*q + 134. Let w be x(9). Suppose o = n + 253, -7*n = -5*o - 3*n + w. Calculate the greatest common factor of o and 16.
16
Suppose 9*v = 10*v - 21. Suppose v = -0*h + 7*h. Let c(g) = 3*g + 1. Let l be c(h). Calculate the greatest common divisor of l and 30.
10
Let q = 1 + 6. Let i be 30/(-3)*(-2)/5 + 1. Suppose 0 = -5*w - i*u + 155, u + 53 = 2*w - 0*u. Calculate the highest common divisor of w and q.
7
Suppose -111*w + 104*w = -7. Suppose -2*t + w + 15 = 0. What is the highest common factor of 256 and t?
8
Suppose -11*m - 14400 = -31*m. Suppose 0 = -5*z + 9*z - m. What is the greatest common divisor of 240 and z?
60
Suppose 2*b = -w + 5*b - 757, -w - 749 = b. Let t = -636 - w. What is the highest common factor of 46 and t?
23
Suppose 14*k + 7746 - 10602 = 0. What is the greatest common divisor of 108 and k?
12
Suppose a + 3*o - 25 - 58 = 0, 359 = 4*a + 3*o. Let m be 12*(-1)/(-3*1). What is the highest common factor of m and a?
4
Let r(d) = 290*d + 15758. Let n be r(-54). Calculate the greatest common divisor of 75656 and n.
98
Suppose 0 = -5*l + 20, 0 = -r - l + 60 + 89. Let n = r + -141. Suppose 0 = -n*x + 21 + 19. What is the highest common divisor of 290 and x?
10
Let f = -107 + 635. Suppose 0 = c + 11*c + f. Let l = 72 + c. Calculate the highest common factor of l and 252.
28
Let y(j) = -300*j + 6464. Let l be y(14). What is the greatest common factor of l and 56?
8
Suppose 5*u - s = 6345 + 1136, -5*u + 4*s + 7499 = 0. What is the highest common divisor of 1105 and u?
65
Let k(z) = 14*z**2 - 2 - 8*z - 4 - z**3 - 9. Let l be 343/28 + 18/24. Let w be k(l). Calculate the greatest common divisor of w and 125.
25
Suppose -8183 + 32108 = 33*y. Calculate the highest common factor of 5 and y.
5
Let o = -3844 - -8485. What is the highest common factor of 17 and o?
17
Let l be (-43 - -46)*(0/(-1) - 1). Let k be 2*(l + (-69)/(-6) + 2). What is the greatest common divisor of 21 and k?
21
Let w(o) = -634*o + 800. Let x be w(-4). What is the highest common factor of 16 and x?
8
Let s(d) = 11*d**2 + 3*d + 159. Let r be s(13). What is the greatest common factor of 34 and r?
17
Suppose -2*o = -2*t - 102, 21*t - 18*t + 47 = o. Let x = 688 - 423. What is the highest common factor of o and x?
53
Suppose -5*i + 8*i = 6. Suppose 0*l + 3*l = 4*f + 14, i*f = -l + 18. Suppose 2*n - 22 + l = 0. Calculate the highest common factor of n and 12.
6
Let a(h) = -1045*h**3 + 12*h**2 + 6*h - 36. Let s be a(-2). Calculate the highest common divisor of s and 22.
22
Suppose 5*w + 927 = -273. Let u = w + 400. What is the highest common factor of 100 and u?
20
Let q(n) = 106*n**2 + 81*n - 508. Let x be q(6). What is the highest common divisor of x and 42?
14
Let s(f) = f**3 + 5*f**2 - 7*f + 4. Let d be s(-6). Let i = d - -1. Let t = 671 - 594. Calculate the greatest common divisor of i and t.
11
Let k(p) = -54*p - 5 + 13*p**3 + 51*p + 7*p**2 - 4*p**2 + 5*p**3. Let l be k(2). Calculate the highest common divisor of l and 5.
5
Suppose 3*v = -s + 6*s + 112, -v = 3*s - 56. Let c be (18/(-9))/(-3*(-2)/264). Let g = c - -198. What is the greatest common factor of g and v?
22
Let g(a) = a**2 - 145*a + 428. Let n be g(3). Calculate the greatest common divisor of 48 and n.
2
Let d be (132/2)/1*(-2)/(-4). Suppose -5*s - 132 = 8. Let u = 16 - s. What is the highest common factor of d and u?
11
Let y be (-2)/(-7) - (-416)/14. Suppose -124*v + 151*v - 2025 = 0. Calculate the greatest common factor of v and y.
15
Let l(y) = y**3 + 9*y**2 - 3*y + 6. Let w be l(-5). Let n be (10 + -4 - -5)/((-94)/(-658)). Calculate the greatest common divisor of w and n.
11
Let p be 1*-2 + 35 + 2. Let z be (-51)/(-85) + 24/10. Suppose 41 + 22 = z*l. Calculate the greatest common factor of l and p.
7
Let a = -76 - -76. Suppose 33*j - 22*j - 1716 = a. Let f = 33 + -21. Calculate the greatest common divisor of j and f.
12
Suppose 11*h + 442 - 530 = 0. Calculate the greatest common factor of h and 8024.
8
Suppose 0 = p - 13 - 5. Let h(u) = -134*u - 8156. Let c be h(-61). Calculate the greatest common factor of p and c.
18
Let a be (-1 - -1) + -1 - (5 + 204). Let q = a - -358. Let f be (-13)/(-130) + 1476/40. What is the greatest common divisor of f and q?
37
Let v = -69 + 121. Let o = 52 - v. Let m be 19*(o + 0 + 1). Calculate the greatest common divisor of m and 209.
19
Suppose 0 = 4*y - 699 - 189. Suppose 3*a + 66 = y. What is the highest common divisor of a and 39?
13
Let j(d) = -d**2 - 80*d - 952. Let r be j(-52). Calculate the greatest common factor of r and 60.
12
Let c = -333 - -753. Suppose -5*t + 293 = l - c, t = 2*l + 147. Calculate the greatest common factor of t and 52.
13
Let v be (2442/(-555))/((-1)/(1 + 9)). Calculate the highest common divisor of v and 6556.
44
Let q = -7 - -13. Suppose 0 = -21*s + 3*s + 2556. Suppose 0 = -2*k - 3*l + 273, 4*l = 2*k - k - s. What is the greatest common divisor of k and q?
6
Suppose 12 = 5*z - 8*z, u - 26 = 4*z. Suppose 6*c = 2*q + u*c - 36, 4*c = -3*q + 56. What is the greatest common factor of q and 220?
20
Suppose -865 - 95 = -24*i. Let a(d) = -2*d**3 - 11*d**2 - 6*d - 9. Let o be a(-7). Calculate the greatest common factor of i and o.
20
Suppose 140*d = 144*d - 13600. Calculate the greatest common factor of 51 and d.
17
Let t(m) = -m + 7. Let u be t(-7). Let r be (12 + 0)/((-13)/((-273)/u)). Let b = 23 + 31. What is the greatest common divisor of r and b?
18
Let s(a) = -94*a + 4117. Let m be s(42). What is the greatest common factor of 5915 and m?
169
Let j(o) = -15*o - 121. Let y be j(-9). Let g be 386/y + ((-155)/(-35) - 5). What is the highest common factor of 81 and g?
27
Suppose 812 = 3*i + 5*t, 0 = i - t - 35 - 225. What is the highest common factor of i and 6?
6
Let y(g) = 340*g - 32. Let q be y(20). What is the highest common divisor of q and 27?
9
Suppose 0 = z - a - 56, 0 = -z + 5*a + 27 + 37. Let l = 169 - z. Let w be l - (-11)/(11/2). Calculate the greatest common divisor of 13 and w.
13
Suppose 548 = -82*c + 37940. Calculate the highest common factor of 969 and c.
57
Suppose 285745 = 52*z - 172375. What is the greatest common divisor of 20 and z?
10
Let i(o) be the first derivative of 2*o**3/3 + 13*o**2 - 21*o + 45. Let b be i(-14). Suppose 5*h - 143 = 137. What is the highest common divisor of h and b?
7
Let j(w) = 6*w - 17. Let a be j(8). Let g be 7973/49 - 8 - 2/(-7). Calculate the greatest common factor of g and a.
31
Let b = 19 + -11. Let x be (-114)/(-2) + 119/(-7). What is the highest common factor of x and b?
8
Let i(u) = -24*u**2 + 359*u + 29. Let s be i(15). What is the highest common divisor of 3962 and s?
14
Suppose -y = -2*l - 10 - 40, -4*y + 175 = -3*l. Suppose 275*m = 276*m - y. What is the greatest common factor of 40 and m?
40
Let i(b) = b**3 - 13*b + 228. Let g be i(9). What is the greatest common factor of 480 and g?
120
Let x = -97360 - -97569. Suppose -2*t + 7*t = 55. What is the greatest common divisor of x and t?
11
Let f be (-91842)/(-126) + 0 - (7 - (-447)/(-63)). Calculate the highest common divisor of f and 39.
3
Suppose -11*h = -3*h - 119 + 71. What is the greatest common factor of 678 and h?
6
Let z = 29 - 18. Suppose -4*r - 14*r = -17*r - 110. What is the greatest common factor of z and r?
11
Let v be (-88)/(-6) + (-11)/(462/(-98)). What is the highest common factor of v and 18819?
17
Suppose 0 = 5*z + 2*p - 37355, 3*z - 7*z + 5*p + 29884 = 0. Calculate the greatest common divisor of z and 241.
241
Let d = 17